{"id":3724,"date":"2024-05-06T20:31:47","date_gmt":"2024-05-06T20:31:47","guid":{"rendered":"https:\/\/ventdesud-biarritz.fr\/?post_type=product&#038;p=3724"},"modified":"2024-08-02T15:16:47","modified_gmt":"2024-08-02T15:16:47","slug":"taie-doreiller-palace-camel","status":"publish","type":"product","link":"https:\/\/ventdesud-biarritz.fr\/en\/product\/taie-doreiller-palace-camel\/","title":{"rendered":"Taie d&rsquo;oreiller &#8211; Palace &#8211; Camel"},"content":{"rendered":"<div class=\"prodtxttitreinfo\">INSTRUCTION DE LAVAGE<\/div>\n<div class=\"prodtxtinfo\"><img loading=\"lazy\" decoding=\"async\" src=\"https:\/\/www.ventdusud.com\/img\/instructions\/l60n.jpg\" width=\"30\" height=\"20\" \/>\u00a0Lavage Normal 60\u00b0 Maxi<\/p>\n<p><img loading=\"lazy\" decoding=\"async\" src=\"https:\/\/www.ventdusud.com\/img\/instructions\/bi.jpg\" width=\"30\" height=\"21\" \/>\u00a0Blanchiment interdit<\/p>\n<p><img loading=\"lazy\" decoding=\"async\" src=\"https:\/\/www.ventdusud.com\/img\/instructions\/stm.jpg\" width=\"30\" height=\"20\" \/>\u00a0S\u00e9chage Tambour mod\u00e9r\u00e9<\/p>\n<p><img loading=\"lazy\" decoding=\"async\" src=\"https:\/\/www.ventdusud.com\/img\/instructions\/rm150.jpg\" width=\"30\" height=\"20\" \/>\u00a0Repassage 150\u00b0 Maxi<\/p>\n<p><img loading=\"lazy\" decoding=\"async\" src=\"https:\/\/www.ventdusud.com\/img\/instructions\/npsn.jpg\" width=\"30\" height=\"22\" \/>\u00a0Nettoyage prof. sec normal<\/div>","protected":false},"excerpt":{"rendered":"<ul>\n<li class=\"prodtxtcomposition\">100% coton lav\u00e9 125 g\/m\u00b2<\/li>\n<li class=\"prodtxtcomposition\">100% coton teint lav\u00e9 &#8211; 63 fils\/cm\u00b2 &#8211; double piqures<\/li>\n<\/ul>","protected":false},"featured_media":3786,"comment_status":"open","ping_status":"closed","template":"","meta":{"_acf_changed":false},"product_brand":[],"product_cat":[17,296,97],"product_tag":[],"class_list":{"0":"post-3724","1":"product","2":"type-product","3":"status-publish","4":"has-post-thumbnail","6":"product_cat-linge-de-lit","7":"product_cat-palace-taies-doreillers","8":"product_cat-taies-doreillers","10":"first","11":"instock","12":"taxable","13":"shipping-taxable","14":"purchasable","15":"product-type-variable"},"acf":[],"_links":{"self":[{"href":"https:\/\/ventdesud-biarritz.fr\/en\/wp-json\/wp\/v2\/product\/3724","targetHints":{"allow":["GET"]}}],"collection":[{"href":"https:\/\/ventdesud-biarritz.fr\/en\/wp-json\/wp\/v2\/product"}],"about":[{"href":"https:\/\/ventdesud-biarritz.fr\/en\/wp-json\/wp\/v2\/types\/product"}],"replies":[{"embeddable":true,"href":"https:\/\/ventdesud-biarritz.fr\/en\/wp-json\/wp\/v2\/comments?post=3724"}],"version-history":[{"count":1,"href":"https:\/\/ventdesud-biarritz.fr\/en\/wp-json\/wp\/v2\/product\/3724\/revisions"}],"predecessor-version":[{"id":3787,"href":"https:\/\/ventdesud-biarritz.fr\/en\/wp-json\/wp\/v2\/product\/3724\/revisions\/3787"}],"wp:featuredmedia":[{"embeddable":true,"href":"https:\/\/ventdesud-biarritz.fr\/en\/wp-json\/wp\/v2\/media\/3786"}],"wp:attachment":[{"href":"https:\/\/ventdesud-biarritz.fr\/en\/wp-json\/wp\/v2\/media?parent=3724"}],"wp:term":[{"taxonomy":"product_brand","embeddable":true,"href":"https:\/\/ventdesud-biarritz.fr\/en\/wp-json\/wp\/v2\/product_brand?post=3724"},{"taxonomy":"product_cat","embeddable":true,"href":"https:\/\/ventdesud-biarritz.fr\/en\/wp-json\/wp\/v2\/product_cat?post=3724"},{"taxonomy":"product_tag","embeddable":true,"href":"https:\/\/ventdesud-biarritz.fr\/en\/wp-json\/wp\/v2\/product_tag?post=3724"}],"curies":[{"name":"wp","href":"https:\/\/api.w.org\/{rel}","templated":true}]}}

<div class="prodtxttitreinfo">INSTRUCTION DE LAVAGE</div>
<div class="prodtxtinfo"><img loading="lazy" decoding="async" src="https://www.ventdusud.com/img/instructions/l60n.jpg" width="30" height="20" /> Lavage Normal 60° Maxi</p>
<p><img loading="lazy" decoding="async" src="https://www.ventdusud.com/img/instructions/bi.jpg" width="30" height="21" /> Blanchiment interdit</p>
<p><img loading="lazy" decoding="async" src="https://www.ventdusud.com/img/instructions/stm.jpg" width="30" height="20" /> Séchage Tambour modéré</p>
<p><img loading="lazy" decoding="async" src="https://www.ventdusud.com/img/instructions/rm150.jpg" width="30" height="20" /> Repassage 150° Maxi</p>
<p><img loading="lazy" decoding="async" src="https://www.ventdusud.com/img/instructions/npsn.jpg" width="30" height="22" /> Nettoyage prof. sec normal</div>

<ul>
<li class="prodtxtcomposition">100% coton lavé 125 g/m²</li>
<li class="prodtxtcomposition">100% coton teint lavé &#8211; 63 fils/cm² &#8211; double piqures</li>
</ul>
